s the greatest common factor of r and q?
15
Suppose 3*f = g + 37, -5*g - 22 - 20 = -2*f. Suppose -3*t + 514 = 2*p, -2*t - 7*p = -458 + 155. What is the greatest common factor of f and t?
11
Let a(z) = 2006*z**2 - 32*z - 32. Let q be a(-1). Calculate the highest common divisor of 34 and q.
34
Let l = 417 - 164. Let c = -243 + l. What is the highest common factor of 115 and c?
5
Let w(y) = -2*y - 324. Let x be w(0). Let v = -277 - x. What is the greatest common factor of v and 141?
47
Let a(y) = y**3 + 14*y**2 - 17*y + 12. Suppose -z - 23 = -8. Let m be a(z). Calculate the greatest common factor of m and 28.
14
Let n(a) = 4*a**3 - 29*a**2 + 77*a - 95. Let x be n(9). Calculate the highest common factor of 1864 and x.
233
Suppose -254*a + 252*a + 2*t = -73968, -18 = 2*t. Calculate the greatest common divisor of a and 17.
17
Let b = 16 - 5. Suppose 3*t + 7 = 2*p + 9, -2*t - 5*p = -33. What is the greatest common divisor of b and t?
1
Let m = -606 - -621. Let p be (-12)/m*17*120/(-16). Calculate the greatest common factor of p and 51.
51
Let s be (-44283)/(-66) - 12/(-264). Let t(p) = p + 4. Let m be t(7). Calculate the greatest common divisor of s and m.
11
Let z = 3937 + -3743. Calculate the greatest common divisor of z and 5238.
194
Suppose -1391 = -41*o + 1250 + 229. Calculate the highest common divisor of 20 and o.
10
Suppose -18*h = -7*h - 396. What is the highest common factor of h and 369?
9
Let z(n) = 5*n**2 - 88*n - 1389. Let u be z(-13). What is the greatest common factor of 48 and u?
24
Let v = 1 - -2. Suppose 70 = i + 3*b + 73, -87 = -6*i + 3*b. Calculate the highest common divisor of v and i.
3
Let c = 9671 - 9559. What is the highest common divisor of 49 and c?
7
Let k(h) = h**3 - 3*h**2 - h + 4. Let q be k(4). Suppose 13 = 3*b - 5*b + 15. What is the greatest common factor of q and b?
1
Suppose 2*j + 70 = 9*j. Suppose 4*t - 18 = j*t. Let p be 3/(-6 - t)*-132. Calculate the greatest common factor of 12 and p.
12
Let y be 2427/54 + (-20)/(-360). What is the highest common factor of y and 117?
9
Let x(a) be the second derivative of 0 + 3/2*a**4 - 3*a - a**3 - 2*a**2 + 1/20*a**5. Let r be x(-18). What is the highest common divisor of r and 13?
13
Let m(y) = y**3 - 16*y**2 + y - 13. Let t = 62 + -46. Let f be m(t). Let a be (1 + -4 + 6)*f. Calculate the greatest common divisor of 3 and a.
3
Let l be -2 - (21/(-3) - 0). Let h(t) = -2*t + 12. Let c be h(l). Suppose 9 = c*y - 161. Calculate the greatest common divisor of y and 17.
17
Let q be (1*(-8)/14)/((-22)/4004). Let c(v) = -v**2 + 2. Let u be c(2). Let x be (-26)/((u - -6)/(-4)). What is the greatest common factor of q and x?
26
Suppose -2*b - 4*j + 452 = 0, -981 = -4*b + 38*j - 35*j. What is the highest common factor of 48 and b?
48
Let j(u) = 312*u**3 - u + 2. Let q be j(1). Suppose 22 - q = -3*z. Suppose -75 - 4 = -4*w - s, z = 5*w + 3*s. Calculate the greatest common divisor of 80 and w.
20
Let s = 10864 - 10849. Calculate the greatest common factor of s and 8005.
5
Suppose 7*a - 48*a = -7*a - 110976. What is the greatest common factor of a and 1056?
96
Let y = 146 - 53. Suppose -5*b + 77 + y = 0. Suppose 2*j - 92 = -b. Calculate the greatest common factor of j and 58.
29
Let h(c) = 27*c**2 + 190*c + 163. Let a be h(-7). What is the greatest common divisor of 520 and a?
52
Let x be -4 + 72/(-8)*-26. What is the highest common factor of 35 and x?
5
Suppose 15 = -6*u + 33. Suppose 2*x = x. Suppose x = a + 2*b - 11, b = -4*a - 2*b + 19. What is the highest common factor of u and a?
1
Suppose 0 = 26*k - 650 - 650. What is the greatest common divisor of k and 175?
25
Let a = 8789 - 8696. Suppose t = -0*t + 124. What is the highest common divisor of a and t?
31
Let c be (1 + -9)/((-22752)/3248 + 7). Calculate the greatest common factor of c and 609.
203
Let q = -469 + 1429. Suppose 31*s - 7*s - q = 0. Calculate the highest common factor of s and 32.
8
Let s = 1228 + -1211. Suppose -m - 4*j - 3 - 76 = 0, 0 = -2*m + 2*j - 108. Let c = m + 195. What is the greatest common divisor of s and c?
17
Let y = 161 - 80. Suppose 5*s + o - 170 = 0, 3*s - 5*o + 3*o = 102. Suppose 6 = d + 5*v - 13, -s = -4*d + v. Calculate the highest common divisor of y and d.
9
Let x = -2372 + 2398. Calculate the highest common divisor of 3159 and x.
13
Let t(o) = -o**2 + 5*o + 15. Let z be t(7). Suppose 0 = c + y + z, 8*y + 10 = 6*y. Calculate the greatest common divisor of 28 and c.
4
Suppose 126 - 28 = 2*g. Let j(d) = -d + 24. Let h be j(14). Suppose -14*q + h*q = -28. Calculate the greatest common divisor of g and q.
7
Suppose 58*u - 230*u + 696084 = 0. Calculate the greatest common factor of 57 and u.
57
Let w(k) = 7*k - 24. Let c be w(10). Let q = c - -28. What is the highest common factor of 814 and q?
74
Suppose -2*k = -a - 4*a + 718, -k + 289 = 2*a. Suppose 4*z - 4 = 0, 2*m + z - 296 = 7*m. Let c = m + a. What is the greatest common divisor of c and 17?
17
Let u be 145352/38 - 89/1691. Calculate the greatest common factor of 75 and u.
75
Let a be 1/(7/2) + 1210/77. Let s = 47 + -42. Suppose 0*j - 5*b = -2*j + a, -s*j + 3*b + 21 = 0. What is the greatest common factor of 5 and j?
1
Suppose -2*n - 43 + 35 = 0. Let f(o) = -27*o - 80. Let p be f(n). What is the highest common divisor of p and 154?
14
Suppose 5*r = 44 + 21. Suppose -4*z = -l + r - 21, -2*z + 8 = 0. Suppose 0 = p - 3, -3*g - g = p - 83. Calculate the greatest common divisor of l and g.
4
Suppose 0 = 5*c, 3*k - 157 = 5*c + 224. Calculate the highest common divisor of 5207 and k.
127
Suppose -4*f + 2166 = -3*w, -42*f + 1116 = -40*f + 4*w. What is the highest common factor of 1248 and f?
78
Suppose 3*y + 4*a = 7, 5*a - 8 + 38 = 4*y. Let t(x) = -4*x**2 + 21*x + 4. Let k be t(y). Calculate the greatest common divisor of k and 9.
9
Suppose 4*a = x - 22, -4*x - 52 + 192 = -3*a. Let y = -163 - -279. Let k = -97 + y. Calculate the greatest common divisor of k and x.
19
Let m = -3421 + 3424. Let v be (-426)/5 + 2/10. Let d be (-4)/(7 - m)*v. What is the highest common factor of d and 34?
17
Suppose -2*o - r = -95, -r = 3*o - 38 - 102. Suppose -36 = -3*j + o. What is the greatest common divisor of j and 27?
27
Suppose 5*q + 15 = 0, -2*q - 2*q = 4*g + 16. Let a be (1 - 2) + g + 4. Let z be (-3)/48 - 1650/(-800). Calculate the highest common divisor of a and z.
2
Let t(x) = 11*x**3 - 96*x**2 + 12*x - 6. Let a be t(9). Suppose 0 = 5*s + 3*v - 460, 2*v - 3*v = 4*s - 368. Calculate the greatest common divisor of a and s.
23
Let v be (2 - -4464) + 253/23. Calculate the highest common factor of 37 and v.
37
Suppose 3*m - 1 = n + 25, 4*m - 28 = -2*n. Let g = 47508 - 47468. Calculate the highest common factor of m and g.
8
Let u = 223 - 13. Suppose 8*v + u = 15*v. Calculate the greatest common factor of 135 and v.
15
Let l be 1/4*2756/(4 - -9). Let x = 86 - 33. What is the highest common divisor of x and l?
53
Suppose -3*r = 9, -2*i - 5*r = -r + 2. Suppose 0*z = -i*z + 25. Suppose -4*x - 2*v - v = -55, 45 = z*x - v. What is the greatest common factor of 20 and x?
10
Suppose -116*f + 471852 = -65*f. What is the greatest common factor of f and 18?
18
Suppose 6870 = 5*q + 2*a, 1164*a - 1168*a + 2732 = 2*q. What is the greatest common divisor of q and 3526?
86
Suppose -2*i = -4*j + j - 52, -j = -3*i + 29. Let m be -6 - 3/3*j. Calculate the greatest common factor of 46 and m.
2
Let a = 4496 - 2871. Calculate the highest common divisor of a and 585.
65
Let g(t) = 37 + t**2 + 11*t - 6*t - 41. Let o be g(-8). What is the highest common factor of 130 and o?
10
Let l(z) be the third derivative of -z**5/60 + 2*z**4/3 + 4*z**3/3 - 78*z**2. Let t be l(8). What is the highest common divisor of t and 360?
72
Let j(f) = -4*f. Let b be j(-3). Suppose 0 = 27*y - 3200 + 284. Calculate the highest common divisor of b and y.
12
Suppose 3*p = -4*z - 38, 0*p - 74 = 3*p - 5*z. Let c be -1 - (p/207 + (-2342)/46). Calculate the highest common divisor of c and 60.
10
Let i(z) = -z + 20. Let d be i(-3). Let q(k) = -k**2 + 24*k - 16. Let b be q(d). Calculate the highest common factor of b and 224.
7
Let o(f) = 17*f**2 + 222*f + 245. Let c be o(-12). Calculate the highest common factor of 13543 and c.
29
Suppose 44*t + 25*t - 483872 = -87467. What is the highest common divisor of 30 and t?
1